{"id":120,"date":"2026-01-30T11:25:50","date_gmt":"2026-01-30T10:25:50","guid":{"rendered":"https:\/\/www.neurovascular-release.de\/?page_id=120"},"modified":"2026-01-31T11:24:47","modified_gmt":"2026-01-31T10:24:47","slug":"manual-nvr-teil-1-technique-review","status":"publish","type":"page","link":"https:\/\/www.neurovascular-release.de\/?page_id=120","title":{"rendered":"Manual NVR\u2122 Teil 1 &#8211; Technique Review"},"content":{"rendered":"\n<p class=\"has-large-font-size\"><strong>eint\u00e4giger Review-Kurs<\/strong><\/p>\n\n\n\n<div class=\"wp-block-media-text is-stacked-on-mobile\"><figure class=\"wp-block-media-text__media\"><img loading=\"lazy\" decoding=\"async\" width=\"1024\" height=\"566\" src=\"http:\/\/www.neurovascular-release.de\/wp-content\/uploads\/2026\/01\/fern-leaves-delicate-1024x566.png\" alt=\"\" class=\"wp-image-52 size-full\" srcset=\"https:\/\/www.neurovascular-release.de\/wp-content\/uploads\/2026\/01\/fern-leaves-delicate-1024x566.png 1024w, https:\/\/www.neurovascular-release.de\/wp-content\/uploads\/2026\/01\/fern-leaves-delicate-300x166.png 300w, https:\/\/www.neurovascular-release.de\/wp-content\/uploads\/2026\/01\/fern-leaves-delicate-768x424.png 768w, https:\/\/www.neurovascular-release.de\/wp-content\/uploads\/2026\/01\/fern-leaves-delicate.png 1280w\" sizes=\"auto, (max-width: 1024px) 100vw, 1024px\" \/><\/figure><div class=\"wp-block-media-text__content\">\n<p><strong>Datum<\/strong>: 11. Juni 2026<\/p>\n\n\n\n<p><strong>Ort:<\/strong> Osteopathiepraxis K. Schlemminger, St.-J\u00fcrgen-Str. 162, Bremen<\/p>\n\n\n\n<p><strong>Kursleitung: <\/strong>Kier Schumaker, USA<\/p>\n\n\n\n<p>Wir freuen uns, dass Kier f\u00fcr diesen Kurs nach Deutschland kommt und sich in diesem Kurs die M\u00f6glichkeit bietet Dein Wissen aus Teil 1 aufzufrischen .<\/p>\n\n\n\n<p><strong>Vorraussetzung<\/strong>: Manual NVR Teil 1<\/p>\n\n\n\n<p class=\"has-mdm-large-font-size\"><strong>Kosten<\/strong>: 250,- Euro<\/p>\n\n\n\n<div class=\"wp-block-buttons is-layout-flex wp-block-buttons-is-layout-flex\">\n<div class=\"wp-block-button\"><a class=\"wp-block-button__link wp-element-button\" href=\"https:\/\/buy.stripe.com\/6oU28rchX4nXbEvfIS9AA04\">Anmeldung DE<\/a><\/div>\n<\/div>\n<\/div><\/div>\n\n\n\n<div style=\"height:24px\" aria-hidden=\"true\" class=\"wp-block-spacer\"><\/div>\n\n\n\n<p class=\"has-mdm-large-font-size\"><strong>Technique Review \u2013 Vorbereitung auf Manual NVR Teil 2 (1-Tages-Kurs)<\/strong><\/p>\n\n\n\n<p>Dieser <strong>eint\u00e4gige Technique-Review-Kurs<\/strong> ist als gezielte Vorbereitung auf <strong>Manual NVR Teil 2<\/strong> konzipiert. Wir haben ihn besonders f\u00fcr alle entwickelt, die <strong>Teil 1 online absolviert haben<\/strong> oder ihre Kenntnisse auffrischen m\u00f6chten, um <strong>sicher, pr\u00e4sent und gut vorbereitet<\/strong> in Teil 2 zu starten.<\/p>\n\n\n\n<p>Gemeinsam wiederholen und vertiefen wir die <strong>zentralen Techniken und Konzepte aus Manual NVR Teil 1<\/strong>. Dabei schaffen wir Raum, um Fragen zu kl\u00e4ren, Zusammenh\u00e4nge zu verstehen und mehr Sicherheit im praktischen Arbeiten zu gewinnen. Unser Fokus liegt darauf, die Techniken nicht nur zu erinnern, sondern sie <strong>k\u00f6rperlich zu integrieren und zu verk\u00f6rpern<\/strong>.<\/p>\n\n\n\n<p>Der Kurs eignet sich sowohl f\u00fcr Teilnehmer*innen, die Teil 1 <strong>ausschlie\u00dflich online<\/strong> besucht haben, als auch f\u00fcr alle, die ihr Wissen <strong>auffrischen und stabilisieren<\/strong> m\u00f6chten. Durch angeleitete Praxis, Wiederholung und gezielte Impulse legen wir gemeinsam eine solide Basis, damit du das volle Potenzial von <strong>Manual NVR Teil 2<\/strong> nutzen kannst.<\/p>\n\n\n\n<p>Der Technique Review Kurs ist <strong>keine Voraussetzung<\/strong>, wird jedoch <strong>dringend empfohlen<\/strong>, wenn du dir mehr Klarheit, Sicherheit und Vertrauen in deine Arbeit w\u00fcnschst, bevor du mit Teil 2 beginnst.<\/p>\n\n\n\n<p><strong>Dieser Kurs ist ideal f\u00fcr dich, wenn du:<\/strong><\/p>\n\n\n\n<ul class=\"wp-block-list\">\n<li>Teil 1 online gemacht hast<\/li>\n\n\n\n<li>deine Techniken wiederholen und vertiefen m\u00f6chtest<\/li>\n\n\n\n<li>mit mehr Sicherheit und Ruhe in Teil 2 starten willst<\/li>\n\n\n\n<li>Raum f\u00fcr Praxis, Fragen und Integration suchst<\/li>\n<\/ul>\n\n\n\n<p><\/p>\n","protected":false},"excerpt":{"rendered":"<p>eint\u00e4giger Review-Kurs Technique Review \u2013 Vorbereitung auf Manual NVR Teil 2 (1-Tages-Kurs) Dieser eint\u00e4gige Technique-Review-Kurs ist als gezielte Vorbereitung auf Manual NVR Teil 2 konzipiert. Wir haben ihn besonders f\u00fcr alle entwickelt, die Teil 1 online absolviert haben oder ihre Kenntnisse auffrischen m\u00f6chten, um sicher, pr\u00e4sent und gut vorbereitet in Teil 2 zu starten. Gemeinsam [&hellip;]<\/p>\n","protected":false},"author":1,"featured_media":0,"parent":0,"menu_order":3,"comment_status":"closed","ping_status":"closed","template":"","meta":{"footnotes":""},"class_list":["post-120","page","type-page","status-publish","hentry"],"_links":{"self":[{"href":"https:\/\/www.neurovascular-release.de\/index.php?rest_route=\/wp\/v2\/pages\/120","targetHints":{"allow":["GET"]}}],"collection":[{"href":"https:\/\/www.neurovascular-release.de\/index.php?rest_route=\/wp\/v2\/pages"}],"about":[{"href":"https:\/\/www.neurovascular-release.de\/index.php?rest_route=\/wp\/v2\/types\/page"}],"author":[{"embeddable":true,"href":"https:\/\/www.neurovascular-release.de\/index.php?rest_route=\/wp\/v2\/users\/1"}],"replies":[{"embeddable":true,"href":"https:\/\/www.neurovascular-release.de\/index.php?rest_route=%2Fwp%2Fv2%2Fcomments&post=120"}],"version-history":[{"count":3,"href":"https:\/\/www.neurovascular-release.de\/index.php?rest_route=\/wp\/v2\/pages\/120\/revisions"}],"predecessor-version":[{"id":142,"href":"https:\/\/www.neurovascular-release.de\/index.php?rest_route=\/wp\/v2\/pages\/120\/revisions\/142"}],"wp:attachment":[{"href":"https:\/\/www.neurovascular-release.de\/index.php?rest_route=%2Fwp%2Fv2%2Fmedia&parent=120"}],"curies":[{"name":"wp","href":"https:\/\/api.w.org\/{rel}","templated":true}]}}